8
What is the highest common factor of 69 and 2769821?
23
What is the highest common divisor of 21698440 and 160?
40
What is the greatest common divisor of 2304 and 6916668?
12
What is the greatest common divisor of 25071 and 251943?
411
Calculate the highest common factor of 248 and 211987672.
248
Calculate the greatest common divisor of 95000772 and 18.
6
Calculate the highest common divisor of 678996 and 15.
3
Calculate the highest common divisor of 52929904 and 2064.
688
What is the greatest common factor of 56067 and 123?
3
Calculate the greatest common factor of 723070 and 10.
10
Calculate the highest common factor of 5312 and 52978983.
83
Calculate the greatest common factor of 1437184 and 3632258.
5614
What is the greatest common divisor of 4176018 and 37422?
1386
What is the greatest common factor of 200 and 16506150?
50
Calculate the greatest common divisor of 33098846 and 638.
22
What is the highest common factor of 4008324 and 11808?
492
Calculate the highest common divisor of 13434707 and 2691.
13
What is the greatest common divisor of 15453 and 3484197?
909
Calculate the greatest common factor of 272979 and 486.
9
What is the greatest common factor of 9234 and 130668282?
1026
Calculate the greatest common divisor of 1075336 and 32.
8
Calculate the highest common divisor of 112427409 and 56344.
7043
Calculate the greatest common divisor of 10440704 and 128.
128
What is the highest common factor of 176165379 and 18?
9
Calculate the highest common factor of 94635 and 20205.
45
Calculate the greatest common factor of 40440699 and 52.
13
What is the greatest common divisor of 22296029 and 6517?
343
Calculate the highest common factor of 167855 and 130685.
295
What is the highest common factor of 1191748 and 4518?
502
What is the greatest common divisor of 1334788 and 291004?
532
Calculate the highest common divisor of 16 and 36318759.
1
What is the highest common factor of 118266483 and 1233?
411
What is the greatest common divisor of 1357 and 142137431?
59
Calculate the highest common factor of 6923772 and 252.
36
Calculate the highest common divisor of 7307678 and 2236.
86
What is the greatest common divisor of 9922 and 88682?
22
What is the greatest common divisor of 5 and 2664940?
5
What is the greatest common factor of 34 and 105969262?
34
What is the greatest common factor of 2354432 and 72?
8
What is the highest common divisor of 11296 and 143498736?
5648
Calculate the highest common factor of 76855060 and 1780.
1780
What is the highest common factor of 10346651 and 10549?
959
Calculate the highest common factor of 50338140 and 260.
20
Calculate the highest common divisor of 78 and 20120490.
78
Calculate the highest common divisor of 29108630 and 40.
10
Calculate the greatest common divisor of 3934909 and 506.
253
Calculate the highest common factor of 360695 and 668.
1
What is the greatest common divisor of 562050 and 8700?
150
What is the greatest common divisor of 741489 and 426343?
527
Calculate the greatest common divisor of 14240974 and 1162051.
7799
What is the highest common factor of 72 and 3489714?
18
Calculate the greatest common factor of 1379797356 and 84.
84
What is the greatest common factor of 1040 and 3518190?
130
Calculate the greatest common divisor of 284540681 and 149.
149
What is the highest common divisor of 354440742 and 7578?
2526
Calculate the highest common divisor of 1696 and 15515114.
106
What is the greatest common factor of 12029 and 27347?
23
Calculate the greatest common factor of 8404 and 797616.
764
Calculate the greatest common factor of 37800398 and 87.
29
Calculate the greatest common divisor of 878 and 6221947.
439
What is the greatest common divisor of 1183 and 34052837?
91
What is the greatest common divisor of 15134 and 1504?
94
Calculate the greatest common divisor of 3996 and 991503.
9
Calculate the highest common divisor of 381049 and 13427.
463
Calculate the highest common divisor of 37674 and 26345718.
2898
Calculate the greatest common factor of 66702258 and 27.
27
Calculate the highest common factor of 156644396 and 92.
4
Calculate the highest common factor of 199912 and 408.
8
Calculate the greatest common factor of 1146735 and 2635.
85
What is the highest common factor of 7 and 2743499?
1
What is the greatest common divisor of 133830 and 563820?
30
What is the highest common factor of 84711750 and 9750?
750
What is the greatest common factor of 55754679 and 51?
51
What is the greatest common divisor of 4812 and 494393702?
802
Calculate the greatest common factor of 644511 and 33.
3
Calculate the greatest common divisor of 82134 and 189027.
27
What is the highest common factor of 17321359 and 396?
11
Calculate the greatest common factor of 30492 and 6741.
63
Calculate the highest common divisor of 31501 and 446355.
109
Calculate the highest common divisor of 32508008 and 3891.
1297
Calculate the greatest common divisor of 606 and 923847.
303
Calculate the highest common factor of 2879030 and 18.
2
What is the highest common divisor of 59055 and 3085?
5
Calculate the greatest common factor of 2806 and 18324034.
122
What is the greatest common factor of 3628261 and 49?
7
What is the greatest common factor of 20972993 and 3019?
3019
What is the greatest common factor of 6 and 2088734862?
6
Calculate the highest common divisor of 4674 and 4153628.
1558
What is the highest common divisor of 683620 and 66395?
35
What is the highest common factor of 439699509 and 9?
9
Calculate the greatest common factor of 375 and 1476525.
75
Calculate the greatest common divisor of 493500798 and 252.
126
Calculate the greatest common divisor of 4953200 and 84980.
140
What is the highest common factor of 89152745 and 605?
55
Calculate the highest common factor of 1983585 and 107040.
3345
Calculate the highest common factor of 250176801 and 49.
49
What is the highest common factor of 4408 and 11688914?
1102
What is the greatest common factor of 824 and 7348123?
103
Calculate the highest common factor of 707 and 2184049.
7
What is the greatest common divisor of 397201 and 11072761?
1253
What is the greatest common divisor of 130 and 2056942810?
130
What is the highest common factor of 1357302 and 6888?
6
Calculate the greatest common divisor of 43 and 30492332.
43
What is the greatest common divisor of 15915 and 673230?
15
Calculate the highest common factor of 120 and 5301096.
24
Calculate the highest common divisor of 103792 and 103464656.
7984
What is the highest common divisor of 621 and 29447199?
621
What is the greatest common divisor of 17 and 337935673?
17
What is the greatest common divisor of 28059338 and 354?
118
What is the greatest common divisor of 95 and 1029965?
5
Calculate the greatest common divisor of 16387 and 192017.
7
Calculate the highest common factor of 16457525 and 208025.
3925
Calculate the highest common divisor of 559242220 and 1590.
530
Calculate the greatest common divisor of 84298504 and 44.
4
Calculate the highest common divisor of 3100 and 75958060.
620
What is the greatest common factor of 44297545 and 5294?
2647
Calculate the greatest common factor of 9495651 and 1023.
33
Calculate the greatest common factor of 1379296 and 976.
16
Calculate the highest common factor of 1664 and 884572.
52
What is the highest common factor of 966 and 143381?
7
Calculate the greatest common factor of 168 and 665491288.
56
Calculate the highest common divisor of 3661438170 and 615.
615
Calculate the highest common divisor of 30 and 3792768.
6
What is the greatest common factor of 51672 and 2148?
12
What is the highest common divisor of 155 and 664835300?
155
Calculate the greatest common divisor of 1 and 1287032.
1
Calculate the greatest common factor of 713 and 329843.
23
Calculate the highest common divisor of 418698147 and 10437.
1491
What is the highest common factor of 2015 and 1850827875?
2015
Calculate the greatest common factor of 425375 and 268505.
415
Calculate the highest common divisor of 337652 and 12214.
62
Calculate the highest common factor of 609770 and 27902.
14
Calculate the highest common factor of 152 and 112993114.
38
What is the greatest common factor of 60 and 10645740?
60
Calculate the greatest common factor of 451089 and 57348.
81
Calculate the highest comm